 factors of 17502085?
5, 281, 12457
List the prime factors of 1798627.
271, 6637
List the prime factors of 6415732.
2, 17, 94349
List the prime factors of 91972.
2, 22993
What are the prime factors of 31475577?
3, 7, 41, 139, 263
List the prime factors of 883893.
3, 37, 7963
List the prime factors of 15147925.
5, 13, 127, 367
What are the prime factors of 482561?
59, 8179
What are the prime factors of 6026552?
2, 7, 23, 4679
What are the prime factors of 310088?
2, 83, 467
What are the prime factors of 4268168?
2, 67, 7963
List the prime factors of 707842.
2, 353921
List the prime factors of 502453.
7, 179, 401
List the prime factors of 187765.
5, 17, 47
What are the prime factors of 425179?
193, 2203
List the prime factors of 6660753.
3, 11, 17, 31, 383
List the prime factors of 31576075.
5, 53, 23831
List the prime factors of 5780209.
5780209
What are the prime factors of 2426175?
3, 5, 41, 263
What are the prime factors of 15055524?
2, 3, 11, 19, 23, 29
What are the prime factors of 938014?
2, 7, 11, 6091
What are the prime factors of 287069?
257, 1117
What are the prime factors of 425594?
2, 13, 16369
What are the prime factors of 15280137?
3, 433, 1307
List the prime factors of 389567.
389567
What are the prime factors of 3379845?
3, 5, 7, 32189
What are the prime factors of 2387055?
3, 5, 11, 17, 23, 37
List the prime factors of 162735.
3, 5, 19, 571
What are the prime factors of 472615?
5, 11, 13, 661
List the prime factors of 1930424.
2, 241303
What are the prime factors of 10708587?
3, 1189843
List the prime factors of 2344578.
2, 3, 390763
List the prime factors of 663225.
3, 5, 37, 239
List the prime factors of 370565.
5, 13, 5701
What are the prime factors of 286311?
3, 19, 5023
List the prime factors of 530958.
2, 3, 88493
List the prime factors of 1192683.
3, 29, 13709
List the prime factors of 162517.
162517
What are the prime factors of 3985?
5, 797
What are the prime factors of 16634595?
3, 5, 19, 58367
What are the prime factors of 551416?
2, 68927
What are the prime factors of 5987888?
2, 19, 19697
List the prime factors of 3486778.
2, 269, 6481
What are the prime factors of 4054041?
3, 17, 26497
What are the prime factors of 36417254?
2, 53, 343559
List the prime factors of 394660.
2, 5, 7, 2819
What are the prime factors of 2114117?
53, 113, 353
List the prime factors of 3737881.
7, 523, 1021
List the prime factors of 195215.
5, 39043
List the prime factors of 150779.
150779
List the prime factors of 122237.
251, 487
What are the prime factors of 551477?
67, 8231
List the prime factors of 2975777.
7, 29, 107, 137
List the prime factors of 5579612.
2, 79, 17657
What are the prime factors of 216499?
23, 9413
What are the prime factors of 250289?
13, 1481
List the prime factors of 4654306.
2, 2327153
What are the prime factors of 722223?
3, 23, 1163
What are the prime factors of 515322?
2, 3, 3181
List the prime factors of 452811.
3, 149, 1013
List the prime factors of 1062163.
23, 46181
What are the prime factors of 930574?
2, 53, 8779
What are the prime factors of 3843597?
3, 31, 37, 1117
List the prime factors of 627717.
3, 89, 2351
What are the prime factors of 1961758?
2, 419, 2341
List the prime factors of 2550063.
3, 850021
What are the prime factors of 7666764?
2, 3, 7, 107, 853
What are the prime factors of 14845018?
2, 389, 19081
What are the prime factors of 2405905?
5, 481181
List the prime factors of 709404.
2, 3, 31, 1907
What are the prime factors of 16454670?
2, 3, 5, 548489
What are the prime factors of 200129?
29, 67, 103
What are the prime factors of 18129998?
2, 9064999
List the prime factors of 746684.
2, 186671
What are the prime factors of 346420?
2, 5, 17321
List the prime factors of 367257.
3, 11, 31, 359
What are the prime factors of 2607259?
1109, 2351
What are the prime factors of 12713295?
3, 5, 7, 353
List the prime factors of 12763725.
3, 5, 13, 19, 53
What are the prime factors of 693415?
5, 138683
List the prime factors of 20906638.
2, 41, 254959
What are the prime factors of 6792099?
3, 547, 4139
What are the prime factors of 2964239?
17, 174367
List the prime factors of 1608005.
5, 7, 45943
List the prime factors of 39559.
13, 17, 179
What are the prime factors of 3289477?
577, 5701
List the prime factors of 650077.
61, 10657
What are the prime factors of 608431?
608431
List the prime factors of 8630.
2, 5, 863
What are the prime factors of 2925225?
3, 5, 13001
What are the prime factors of 212915?
5, 97, 439
What are the prime factors of 1059751?
7, 11, 13763
What are the prime factors of 19968?
2, 3, 13
What are the prime factors of 1713958?
2, 29, 1019
What are the prime factors of 5258506?
2, 11, 239023
List the prime factors of 1700884.
2, 17, 25013
List the prime factors of 1750767.
3, 457, 1277
What are the prime factors of 849382?
2, 599, 709
What are the prime factors of 356899?
173, 2063
List the prime factors of 2469503.
1531, 1613
List the prime factors of 6335055.
3, 5, 140779
What are the prime factors of 4616814?
2, 3, 769469
What are the prime factors of 5769?
3, 641
List the prime factors of 18041305.
5, 173, 20857
What are the prime factors of 28292426?
2, 14146213
What are the prime factors of 323744?
2, 67, 151
What are the prime factors of 267500?
2, 5, 107
List the prime factors of 9792172.
2, 13, 188311
What are the prime factors of 2197461?
3, 7, 269, 389
List the prime factors of 1855382.
2, 83, 11177
What are the prime factors of 317590?
2, 5, 7, 13, 349
What are the prime factors of 1090031?
1090031
List the prime factors of 340476.
2, 3, 17, 1669
List the prime factors of 11679537.
3, 3893179
What are the prime factors of 19983793?
89, 151, 1487
List the prime factors of 1939408.
2, 47, 2579
List the prime factors of 684287.
684287
List the prime factors of 1337224.
2, 7, 23879
What are the prime factors of 650852?
2, 162713
List the prime factors of 4413360.
2, 3, 5, 7, 37, 71
List the prime factors of 3979785.
3, 5, 17, 15607
List the prime factors of 1508598.
2, 3, 7, 13, 307
What are the prime factors of 1634364?
2, 3, 37, 409
What are the prime factors of 324337?
13, 61, 409
List the prime factors of 6086773.
7, 11, 137, 577
List the prime factors of 349529.
349529
What are the prime factors of 215799?
3, 71933
What are the prime factors of 382295?
5, 157, 487
List the prime factors of 137242.
2, 7, 9803
List the prime factors of 1367247.
3, 7, 71, 131
What are the prime factors of 26227635?
3, 5, 7, 37, 43, 157
What are the prime factors of 340539?
3, 113513
List the prime factors of 52734.
2, 3, 11, 17, 47
What are the prime factors of 974865?
3, 5, 17, 3823
List the prime factors of 723343.
313, 2311
List the prime factors of 8266606.
2, 107, 38629
What are the prime factors of 140210?
2, 5, 7, 2003
What are the prime factors of 166364?
2, 11, 19, 199
List the prime factors of 436684.
2, 109171
List the prime factors of 51900.
2, 3, 5, 173
What are the prime factors of 201291?
3, 229, 293
What are the prime factors of 862355?
5, 13, 13267
What are the prime factors of 1427819?
409, 3491
What are the prime factors of 170449?
19, 8971
List the prime factors of 12564355.
5, 887, 2833
What are the prime factors of 43512?
2, 3, 7, 37
List the prime factors of 13935171.
3, 23, 47, 4297
List the prime factors of 23281870.
2, 5, 61, 38167
What are the prime factors of 169512?
2, 3, 7, 1009
What are the prime factors of 2210337?
3, 245593
What are the prime factors of 2519633?
1069, 2357
What are the prime factors of 2335509?
3, 11, 31, 761
What are the prime factors of 2398265?
5, 67, 7159
What are the prime factors of 3320395?
5, 13, 23, 2221
What are the prime factors of 540537?
3, 180179
List the prime factors of 4105787.
7, 586541
List the prime factors of 202431.
3, 67477
What are the prime factors of 26387887?
41, 751, 857
List the prime factors of 280122.
2, 3, 46687
List the prime factors of 1566115.
5, 103, 3041
What are the prime factors of 619308?
2, 3, 17203
What are the prime factors of 19332075?
3, 5, 7, 23, 1601
What are the prime factors of 7780947?
3, 79, 32831
What are the prime factors of 6744798?
2, 3, 97, 3863
What are the prime factors of 12310286?
2, 31, 198553
What are the prime factors of 5766673?
11, 524243
List the prime factors of 